{"id":830,"date":"2020-03-29T18:57:26","date_gmt":"2020-03-29T16:57:26","guid":{"rendered":"http:\/\/tsv-rehling.de\/wordpress\/abteilungen\/fussball\/fussball-chronik\/"},"modified":"2022-07-21T20:05:20","modified_gmt":"2022-07-21T18:05:20","slug":"fussball-chronik","status":"publish","type":"page","link":"https:\/\/tsv-rehling.de\/wordpress\/abteilungen\/fussball\/fussball-chronik\/","title":{"rendered":"Fu\u00dfball-Chronik"},"content":{"rendered":"\n<h3 class=\"wp-block-heading\"><strong>Historische Daten zur Abteilung Fu\u00dfball in Zahlen<\/strong><\/h3>\n\n\n\n<p>Die Fu\u00dfballer des TSV  Rehling haben seit ihrer Gr\u00fcndung 1948 in folgenden Spielklassen gespielt: <\/p>\n\n\n\n<figure class=\"wp-block-table is-style-stripes\"><table><thead><tr><th>Spielzeit<\/th><th>Klasse\/Liga<\/th><th>Besondere Ereignisse<\/th><\/tr><\/thead><tbody><tr><td>1949 &#8211; 1952<\/td><td>C-Klasse Aichach<\/td><td><\/td><\/tr><tr><td>1952\/1953<\/td><td><\/td><td>Einstellung Spielbetrieb<\/td><\/tr><tr><td>1953 &#8211; 1958<\/td><td>C-Klasse Aichach<\/td><td>1958: Meisterschaft C-Klasse Aichach<\/td><\/tr><tr><td>1958 &#8211; 1964<\/td><td>B-Klasse Aichach<\/td><td>1964: Meisterschaft B-Klasse Aichach<\/td><\/tr><tr><td>1965 &#8211; 1972<\/td><td>B-Klasse Aichach<\/td><td>1972: Meisterschaft B-Klasse Aichach<\/td><\/tr><tr><td>1972 &#8211; 1984<\/td><td>A-Klasse Aichach<\/td><td>1984: Abstieg in B-Klasse Aichach<\/td><\/tr><tr><td>1985 &#8211; 1986<\/td><td>B-Klasse Aichach<\/td><td>1985: Meisterschaft B-Klasse Aichach<\/td><\/tr><tr><td>1986 &#8211; 1989<\/td><td>A-Klasse Aichach<\/td><td>1989: Aufstieg in Bezirksliga<\/td><\/tr><tr><td>1990 &#8211; 1998<\/td><td>Bezirksliga Nord<\/td><td>1998: Abstieg in die Kreisliga Ost<\/td><\/tr><tr><td>1999 &#8211; 2000<\/td><td>Kreisliga Ost<\/td><td>1999: Meisterschaft Kreisliga Ost<\/td><\/tr><tr><td>1999 &#8211; 2000<\/td><td>Bezirksliga<\/td><td>2000: Abstieg in die Kreisliga Ost<\/td><\/tr><tr><td>2001 &#8211; 2002<\/td><td>Kreisliga Ost<\/td><td>2002: Abstieg in die Kreisklasse Aichach<\/td><\/tr><tr><td>2002 &#8211; 2013<\/td><td>Kreisklasse Aichach<\/td><td>2013: Meisterschaft Kreisklasse Aichach<\/td><\/tr><tr><td>2013 &#8211; 2019<\/td><td>Kreisliga Ost<\/td><td>2019: Abstieg in die Kreisklasse Aichach<\/td><\/tr><tr><td>2019 &#8211; 2022<\/td><td>Kreisklasse Aichach<\/td><td>2022: Abstieg in die A-Klasse Augsburg-Ost<\/td><\/tr><tr><td>seit 2022<\/td><td>A-Klasse Augsburg-Ost<\/td><td><\/td><\/tr><\/tbody><\/table><\/figure>\n\n\n\n<hr class=\"wp-block-separator has-css-opacity\"\/>\n\n\n\n<h3 class=\"wp-block-heading\">Abteilungsleiter<\/h3>\n\n\n\n<p>Die Fu\u00dfballer wurden bis 1983 vom 1. Vorstand geleitet, danach wurde ein Fu\u00dfball Abteilungsleiter berufen. Dies waren bis heute: <\/p>\n\n\n\n<figure class=\"wp-block-table is-style-stripes\"><table><tbody><tr><td>1983 &#8211; 1984<\/td><td>Herbert Springl<\/td><\/tr><tr><td>1984 &#8211; 1985<\/td><td>Stefan Bachmeir<\/td><\/tr><tr><td>1985 &#8211; 1986<\/td><td>Johann Bachmeir<\/td><\/tr><tr><td>1987<\/td><td>Ludwig Geib<\/td><\/tr><tr><td>1987 &#8211; 2002<\/td><td>Dieter Schmid<\/td><\/tr><tr><td>2020 &#8211; 2005<\/td><td>Michael Jakob \/ Wolfgang Springl<\/td><\/tr><tr><td>2005 &#8211; 2006<\/td><td>Michael Jakob<\/td><\/tr><tr><td>2006 &#8211; 2012<\/td><td>Wolfgang Cabel<\/td><\/tr><tr><td>2012 &#8211; 2016<\/td><td>Andr\u00e9 Raschke \/ Alexander Korschin<\/td><\/tr><tr><td>2016 &#8211; 2018<\/td><td>Sebastian Kalkbrenner<\/td><\/tr><tr><td>seit 2018<\/td><td>Manuel Rauscher<\/td><\/tr><\/tbody><\/table><\/figure>\n\n\n\n<hr class=\"wp-block-separator has-css-opacity\"\/>\n\n\n\n<div style=\"height:20px\" aria-hidden=\"true\" class=\"wp-block-spacer\"><\/div>\n\n\n\n<p>Die Abteilung Fu\u00dfball wurde 1948 gegr\u00fcndet und ist die Wiege des TSV  Rehling. Hatten die Fu\u00dfballer zun\u00e4chst nur eine Wiese in der N\u00e4he des  Flutgrabens als Spielfeld zu Verf\u00fcgung, so konnte 1949 ein Spielfeld   jenseits des Flutgrabens, der heutige Trainingsplatz, erschlossen und  kultiviert werden.<\/p>\n\n\n\n<p>Dies war dann auch der Startschuss f\u00fcr die Teilnahme  am offiziellen Spielbetrieb der Mannschaft. Denn ab 1949 k\u00e4mpfte der TSV Rehling in der C-Klasse um Punkte und blieb dort bis 1958.<br>In diesem Jahr konnte der TSV seinem ersten gro\u00dfen Erfolg mit der   C-Klassen-Meisterschaft und den damit verbundenen Aufstieg in die  B-Klasse feiern. Spieler wie Mertl, Haberl, Limmer oder Schmid waren  damals die tragenden S\u00e4ulen der Meistermannschaft.<\/p>\n\n\n\n<p>In der B-Klasse biss sich unsere Mannschaft in den folgenden Jahren fest, um dann 1972 mit Spielern wie Reinthaler, Onderka, S\u00f6ckl &amp; Co. den n\u00e4chsten Schritt zu machen: den Aufstieg in die A-Klasse.<br>Auch hier spielte sich die Mannschaft eine Zeit lang fest, konnte jedoch im Jahr 1984 den Abstieg nicht verhindern.<br>In dieser Saison trat auch zum ersten Mal mit Herbert Springl ein Abteilungsleiter Fu\u00dfball auf den Plan, da die Fu\u00dfballer bis dahin  immer vom Vorstand gemanagt wurden, was aber aufgrund der  wachsenden Gr\u00f6\u00dfe des Vereins nicht mehr praktikabel war. Ihm folgten anschlie\u00dfend Stefan Bachmeir, Johann Bachmeir und Ludwig Geib nach,  bevor 1987 Dieter Schmid eine 15-j\u00e4hrige \u00c4ra als Spartenleiter einl\u00e4utete. Diese Zeit ist bis heute auch die erfolgreichste Wegstrecke der Rehlinger Fu\u00dfballer. <\/p>\n\n\n\n<h3 class=\"wp-block-heading\"><strong>Die Jahre in der Bezirksliga<\/strong> <\/h3>\n\n\n\n<p>Die Mannschaft um die jungen Spieler wie Mertl, Utz, Benkart oder Schmid  erg\u00e4nzt um erfahrene Recken wie Bachmeir schaffte 1985 den  Wiederaufstieg in die  A-Klasse, um dann in einem nervenaufreibenden  Aufstiegsspiel 1989 in die  Bezirksliga aufzusteigen. Dort konnten wir uns neun Jahre halten, was vor allem auch mit den Namen Adi Gabriel,  unseren legend\u00e4ren Trainer der leider schon verstorben ist, zu tun hatte. Diese Zeit war auch gepr\u00e4gt von vielen \u201eGastspielern\u201c, die nicht aus der Gemeinde Rehling waren, denn nur mit Eigengew\u00e4chsen, die zum Teil auch rar waren, w\u00e4re diese lange Verweildauer in der Bezirksliga nicht m\u00f6glich gewesen.<\/p>\n\n\n\n<h3 class=\"wp-block-heading\"><strong>Kreisklasse<\/strong> <\/h3>\n\n\n\n<p>Nach dem Abstieg 1998 konnten wir mit Spielertrainer Frank Lasnig  nochmals direkt in die Bezirksliga zur\u00fcckkehren, was jedoch wiederum in  einem direkten Wiederabstieg m\u00fcndete, der nach einer Reihe von  Abstiegsspielen als sehr ungl\u00fccklich gelten darf.<br>Da nun die finanziellen Mittel nicht mehr so \u00fcppig vorhanden waren und wir eher auf die Eigengew\u00e4chse setzten, konnte in der Folge leider auch die A-Klasse, die sich inzwischen Kreisliga nennt, nicht gehalten werden und wir stiegen 2002 in die Kreisklasse ab. Zu diesem Zeitpunkt verabschiedete sich auch Dieter Schmid als Abteilungsleiter und wurde durch das junge Tandem Michael Jakob und Wolfgang Springl ersetzt. <br>Diese \u00fcbernahmen ein schweres Erbe, denn in der ersten  Kreisklassensaison k\u00e4mpfte der TSV wieder direkt gegen den Abstieg,  konnte sich jedoch retten.  Seither spielt unsere Truppe meist im oberen  Drittel, doch Aufstiegsambitionen scheitern schon traditionell trotz  ansehnlichen Fu\u00dfballs an der beim TSV wohl angeborenen  Abschlussschw\u00e4che.  <\/p>\n\n\n\n<h3 class=\"wp-block-heading\"><strong>Junge Mannschaften werden aufgebaut<\/strong> <\/h3>\n\n\n\n<p>Nachdem Wolfgang Springl bereits 2005 als Abteilungsleiter aufh\u00f6rte,  \u00fcbergab dann auch Michael Jakob 2006 die Geschicke der Fu\u00dfballabteilung  an Wolfgang Cabel, der bis heute zusammen mit vielen flei\u00dfigen Helfern  um Christian Seem\u00fcller die Abteilung f\u00fchrt. Aktuell versucht die  Abteilungsleitung zusammen mit unserem aktuellen Trainer Magnus Hoffmann ein junges Team mit einheimischen Spielern auf die Beine zu stellen, welches vielleicht doch noch mal am Tor der Kreisliga anklopfen kann.  <\/p>\n\n\n\n<p><\/p>\n","protected":false},"excerpt":{"rendered":"<p>Historische Daten zur Abteilung Fu\u00dfball in Zahlen Die Fu\u00dfballer des TSV Rehling haben seit ihrer Gr\u00fcndung 1948 in folgenden Spielklassen gespielt: Spielzeit [&hellip;]<\/p>\n","protected":false},"author":1,"featured_media":0,"parent":15,"menu_order":10,"comment_status":"closed","ping_status":"closed","template":"","meta":{"footnotes":""},"class_list":["post-830","page","type-page","status-publish","hentry"],"_links":{"self":[{"href":"https:\/\/tsv-rehling.de\/wordpress\/wp-json\/wp\/v2\/pages\/830","targetHints":{"allow":["GET"]}}],"collection":[{"href":"https:\/\/tsv-rehling.de\/wordpress\/wp-json\/wp\/v2\/pages"}],"about":[{"href":"https:\/\/tsv-rehling.de\/wordpress\/wp-json\/wp\/v2\/types\/page"}],"author":[{"embeddable":true,"href":"https:\/\/tsv-rehling.de\/wordpress\/wp-json\/wp\/v2\/users\/1"}],"replies":[{"embeddable":true,"href":"https:\/\/tsv-rehling.de\/wordpress\/wp-json\/wp\/v2\/comments?post=830"}],"version-history":[{"count":6,"href":"https:\/\/tsv-rehling.de\/wordpress\/wp-json\/wp\/v2\/pages\/830\/revisions"}],"predecessor-version":[{"id":4422,"href":"https:\/\/tsv-rehling.de\/wordpress\/wp-json\/wp\/v2\/pages\/830\/revisions\/4422"}],"up":[{"embeddable":true,"href":"https:\/\/tsv-rehling.de\/wordpress\/wp-json\/wp\/v2\/pages\/15"}],"wp:attachment":[{"href":"https:\/\/tsv-rehling.de\/wordpress\/wp-json\/wp\/v2\/media?parent=830"}],"curies":[{"name":"wp","href":"https:\/\/api.w.org\/{rel}","templated":true}]}}