{"id":7764,"date":"2025-06-19T13:57:14","date_gmt":"2025-06-19T11:57:14","guid":{"rendered":"https:\/\/tsv-rehling.de\/wordpress\/?page_id=7764"},"modified":"2026-04-23T22:12:52","modified_gmt":"2026-04-23T20:12:52","slug":"vereinsarbeit","status":"publish","type":"page","link":"https:\/\/tsv-rehling.de\/wordpress\/der-verein\/vereinsarbeit\/","title":{"rendered":"Vereinsarbeit"},"content":{"rendered":"\n<p>Hier finden Sie genauere Infos zur aktuellen Regelung der Vereinsarbeit gem\u00e4\u00df <a href=\"https:\/\/tsv-rehling.de\/wordpress\/der-verein\/satzung\/\">Satzung<\/a> \u00a77, Absatz 4, wie sie in der Generalversammlung am 05.04.2025 beschlossen und bekannt gegeben wurde.<\/p>\n\n\n\n<p>Des weiteren werden aktuelle anstehende Aufgaben bzw. T\u00e4tigkeiten in der u.g. <a href=\"#todoliste\">ToDo-Liste<\/a> ver\u00f6ffentlich, die auch am Sportheim aush\u00e4ngt.<\/p>\n\n\n\n<h3 class=\"wp-block-heading\">Erkl\u00e4rungen<\/h3>\n\n\n\n<figure data-wp-context=\"{&quot;imageId&quot;:&quot;69f71f9d118b0&quot;}\" data-wp-interactive=\"core\/image\" class=\"wp-block-image aligncenter size-full is-resized wp-lightbox-container\"><img loading=\"lazy\" decoding=\"async\" width=\"1280\" height=\"720\" data-wp-class--hide=\"state.isContentHidden\" data-wp-class--show=\"state.isContentVisible\" data-wp-init=\"callbacks.setButtonStyles\" data-wp-on-async--click=\"actions.showLightbox\" data-wp-on-async--load=\"callbacks.setButtonStyles\" data-wp-on-async-window--resize=\"callbacks.setButtonStyles\" src=\"https:\/\/tsv-rehling.de\/wordpress\/wp-content\/uploads\/2020\/11\/TSV_Rehling_Vereinsarbeitsstunden_01_20260201.jpg\" alt=\"\" class=\"wp-image-8367\" style=\"width:629px;height:auto\" srcset=\"https:\/\/tsv-rehling.de\/wordpress\/wp-content\/uploads\/2020\/11\/TSV_Rehling_Vereinsarbeitsstunden_01_20260201.jpg 1280w, https:\/\/tsv-rehling.de\/wordpress\/wp-content\/uploads\/2020\/11\/TSV_Rehling_Vereinsarbeitsstunden_01_20260201-300x169.jpg 300w, https:\/\/tsv-rehling.de\/wordpress\/wp-content\/uploads\/2020\/11\/TSV_Rehling_Vereinsarbeitsstunden_01_20260201-1024x576.jpg 1024w, https:\/\/tsv-rehling.de\/wordpress\/wp-content\/uploads\/2020\/11\/TSV_Rehling_Vereinsarbeitsstunden_01_20260201-768x432.jpg 768w, https:\/\/tsv-rehling.de\/wordpress\/wp-content\/uploads\/2020\/11\/TSV_Rehling_Vereinsarbeitsstunden_01_20260201-1000x563.jpg 1000w, https:\/\/tsv-rehling.de\/wordpress\/wp-content\/uploads\/2020\/11\/TSV_Rehling_Vereinsarbeitsstunden_01_20260201-230x129.jpg 230w, https:\/\/tsv-rehling.de\/wordpress\/wp-content\/uploads\/2020\/11\/TSV_Rehling_Vereinsarbeitsstunden_01_20260201-350x197.jpg 350w, https:\/\/tsv-rehling.de\/wordpress\/wp-content\/uploads\/2020\/11\/TSV_Rehling_Vereinsarbeitsstunden_01_20260201-480x270.jpg 480w\" sizes=\"auto, (max-width: 1280px) 100vw, 1280px\" \/><button\n\t\t\tclass=\"lightbox-trigger\"\n\t\t\ttype=\"button\"\n\t\t\taria-haspopup=\"dialog\"\n\t\t\taria-label=\"Vergr\u00f6\u00dfern\"\n\t\t\tdata-wp-init=\"callbacks.initTriggerButton\"\n\t\t\tdata-wp-on-async--click=\"actions.showLightbox\"\n\t\t\tdata-wp-style--right=\"state.imageButtonRight\"\n\t\t\tdata-wp-style--top=\"state.imageButtonTop\"\n\t\t>\n\t\t\t<svg xmlns=\"http:\/\/www.w3.org\/2000\/svg\" width=\"12\" height=\"12\" fill=\"none\" viewBox=\"0 0 12 12\">\n\t\t\t\t<path fill=\"#fff\" d=\"M2 0a2 2 0 0 0-2 2v2h1.5V2a.5.5 0 0 1 .5-.5h2V0H2Zm2 10.5H2a.5.5 0 0 1-.5-.5V8H0v2a2 2 0 0 0 2 2h2v-1.5ZM8 12v-1.5h2a.5.5 0 0 0 .5-.5V8H12v2a2 2 0 0 1-2 2H8Zm2-12a2 2 0 0 1 2 2v2h-1.5V2a.5.5 0 0 0-.5-.5H8V0h2Z\" \/>\n\t\t\t<\/svg>\n\t\t<\/button><\/figure>\n\n\n\n<figure data-wp-context=\"{&quot;imageId&quot;:&quot;69f71f9d1259d&quot;}\" data-wp-interactive=\"core\/image\" class=\"wp-block-image aligncenter size-full is-resized wp-lightbox-container\"><img loading=\"lazy\" decoding=\"async\" width=\"1280\" height=\"720\" data-wp-class--hide=\"state.isContentHidden\" data-wp-class--show=\"state.isContentVisible\" data-wp-init=\"callbacks.setButtonStyles\" data-wp-on-async--click=\"actions.showLightbox\" data-wp-on-async--load=\"callbacks.setButtonStyles\" data-wp-on-async-window--resize=\"callbacks.setButtonStyles\" src=\"https:\/\/tsv-rehling.de\/wordpress\/wp-content\/uploads\/2020\/11\/TSV_Rehling_Vereinsarbeitsstunden_02_20260201.jpg\" alt=\"\" class=\"wp-image-8368\" style=\"width:624px;height:auto\" srcset=\"https:\/\/tsv-rehling.de\/wordpress\/wp-content\/uploads\/2020\/11\/TSV_Rehling_Vereinsarbeitsstunden_02_20260201.jpg 1280w, https:\/\/tsv-rehling.de\/wordpress\/wp-content\/uploads\/2020\/11\/TSV_Rehling_Vereinsarbeitsstunden_02_20260201-300x169.jpg 300w, https:\/\/tsv-rehling.de\/wordpress\/wp-content\/uploads\/2020\/11\/TSV_Rehling_Vereinsarbeitsstunden_02_20260201-1024x576.jpg 1024w, https:\/\/tsv-rehling.de\/wordpress\/wp-content\/uploads\/2020\/11\/TSV_Rehling_Vereinsarbeitsstunden_02_20260201-768x432.jpg 768w, https:\/\/tsv-rehling.de\/wordpress\/wp-content\/uploads\/2020\/11\/TSV_Rehling_Vereinsarbeitsstunden_02_20260201-1000x563.jpg 1000w, https:\/\/tsv-rehling.de\/wordpress\/wp-content\/uploads\/2020\/11\/TSV_Rehling_Vereinsarbeitsstunden_02_20260201-230x129.jpg 230w, https:\/\/tsv-rehling.de\/wordpress\/wp-content\/uploads\/2020\/11\/TSV_Rehling_Vereinsarbeitsstunden_02_20260201-350x197.jpg 350w, https:\/\/tsv-rehling.de\/wordpress\/wp-content\/uploads\/2020\/11\/TSV_Rehling_Vereinsarbeitsstunden_02_20260201-480x270.jpg 480w\" sizes=\"auto, (max-width: 1280px) 100vw, 1280px\" \/><button\n\t\t\tclass=\"lightbox-trigger\"\n\t\t\ttype=\"button\"\n\t\t\taria-haspopup=\"dialog\"\n\t\t\taria-label=\"Vergr\u00f6\u00dfern\"\n\t\t\tdata-wp-init=\"callbacks.initTriggerButton\"\n\t\t\tdata-wp-on-async--click=\"actions.showLightbox\"\n\t\t\tdata-wp-style--right=\"state.imageButtonRight\"\n\t\t\tdata-wp-style--top=\"state.imageButtonTop\"\n\t\t>\n\t\t\t<svg xmlns=\"http:\/\/www.w3.org\/2000\/svg\" width=\"12\" height=\"12\" fill=\"none\" viewBox=\"0 0 12 12\">\n\t\t\t\t<path fill=\"#fff\" d=\"M2 0a2 2 0 0 0-2 2v2h1.5V2a.5.5 0 0 1 .5-.5h2V0H2Zm2 10.5H2a.5.5 0 0 1-.5-.5V8H0v2a2 2 0 0 0 2 2h2v-1.5ZM8 12v-1.5h2a.5.5 0 0 0 .5-.5V8H12v2a2 2 0 0 1-2 2H8Zm2-12a2 2 0 0 1 2 2v2h-1.5V2a.5.5 0 0 0-.5-.5H8V0h2Z\" \/>\n\t\t\t<\/svg>\n\t\t<\/button><\/figure>\n\n\n\n<div style=\"height:50px\" aria-hidden=\"true\" class=\"wp-block-spacer\"><\/div>\n\n\n\n<h3 class=\"wp-block-heading\" id=\"todoliste\">ToDo &#8211; Liste<\/h3>\n\n\n\n<p>(Stand: 17.09.2025)<\/p>\n\n\n\n<p class=\"has-text-align-center\">Es gibt immer was zu tun! &#8211; Sprecht am besten unsere Platzwarte Benni Bachmeir (01516 2385259) und Moritz Mayer (01511 0934245 &#8211; WhatsApp!) an.<\/p>\n\n\n\n<figure class=\"wp-block-table alignwide is-style-stripes has-small-font-size\"><table><thead><tr><th class=\"has-text-align-center\" data-align=\"center\">Aufgabe\/T\u00e4tigkeit<\/th><th class=\"has-text-align-center\" data-align=\"center\">Beschreibung<\/th><th class=\"has-text-align-center\" data-align=\"center\">Dauer<br>(gesch\u00e4tzt)<\/th><th class=\"has-text-align-center\" data-align=\"center\">Bedarf Helfer<br>(gesch\u00e4tzt)<\/th><th class=\"has-text-align-center\" data-align=\"center\">Ansprechpartner\/<br>&#8220;Capo&#8221;<\/th><\/tr><\/thead><tbody><tr><td class=\"has-text-align-center\" data-align=\"center\">T\u00fcren schleifen<\/td><td class=\"has-text-align-center\" data-align=\"center\">Die Kabinent\u00fcren (noch 5 T\u00fcren) m\u00fcssen abgeschliffen werden, damit sie neu gestrichen werden k\u00f6nnen<br>-&gt; Schleifmaterial vorhanden<\/td><td class=\"has-text-align-center\" data-align=\"center\">1 h (je T\u00fcr)<\/td><td class=\"has-text-align-center\" data-align=\"center\">1 (je T\u00fcr)<\/td><td class=\"has-text-align-center\" data-align=\"center\">Sebastian Seiler<br>015140757454<\/td><\/tr><tr><td class=\"has-text-align-center\" data-align=\"center\">T\u00fcren streichen<\/td><td class=\"has-text-align-center\" data-align=\"center\">Die Kabinent\u00fcren (noch 5 T\u00fcren) m\u00fcssen gestrichen werden.<br>-&gt; Lackier-\/Malermaterial vorhanden<\/td><td class=\"has-text-align-center\" data-align=\"center\">1 h (je T\u00fcr)<\/td><td class=\"has-text-align-center\" data-align=\"center\">1 (je T\u00fcr)<\/td><td class=\"has-text-align-center\" data-align=\"center\">Sebastian Seiler<br>015140757454<\/td><\/tr><tr><td class=\"has-text-align-center\" data-align=\"center\">Fahrradstellplatz s\u00e4ubern<\/td><td class=\"has-text-align-center\" data-align=\"center\">Die Fl\u00e4che des Fahrradstellplatz neben der Garage muss ges\u00e4ubert werden (Unkraut entfernen, B\u00fcsche ausschneiden, &#8230;)<\/td><td class=\"has-text-align-center\" data-align=\"center\">1 h<\/td><td class=\"has-text-align-center\" data-align=\"center\">1<\/td><td class=\"has-text-align-center\" data-align=\"center\">Moritz Meyer \/ Benni Bachmeir<br>01511 0934245 \/ 01516 2385259<\/td><\/tr><tr><td class=\"has-text-align-center\" data-align=\"center\">Unkraut j\u00e4ten<\/td><td class=\"has-text-align-center\" data-align=\"center\">Das Unkraut schie\u00dft und spriest an allen Ecken &#8230;<\/td><td class=\"has-text-align-center\" data-align=\"center\">&gt;1 h<\/td><td class=\"has-text-align-center\" data-align=\"center\">&gt;1<\/td><td class=\"has-text-align-center\" data-align=\"center\">Moritz Meyer \/ Benni Bachmeir<br>01511 0934245 \/ 01516 2385259<\/td><\/tr><tr><td class=\"has-text-align-center\" data-align=\"center\">M\u00e4harbeiten<\/td><td class=\"has-text-align-center\" data-align=\"center\">Rund ums Sportgel\u00e4nde m\u00fcssen st\u00e4ndig manuell R\u00e4nder usw. gem\u00e4ht werden.<\/td><td class=\"has-text-align-center\" data-align=\"center\">&gt; 1 h<\/td><td class=\"has-text-align-center\" data-align=\"center\">&gt;1<\/td><td class=\"has-text-align-center\" data-align=\"center\">Moritz Meyer \/ Benni Bachmeir<br>01511 0934245 \/ 01516 2385259<\/td><\/tr><tr><td class=\"has-text-align-center\" data-align=\"center\">Gel\u00e4nder am Hauptplatz streichen<\/td><td class=\"has-text-align-center\" data-align=\"center\">Das Gel\u00e4nder am Hauptplatz m\u00fcsste abgeschliffen und gesrtichen werden.<\/td><td class=\"has-text-align-center\" data-align=\"center\">&gt; 5 h<\/td><td class=\"has-text-align-center\" data-align=\"center\">&gt; 5<\/td><td class=\"has-text-align-center\" data-align=\"center\">Tom Moser<br>0162 \/ 4189676<\/td><\/tr><\/tbody><\/table><\/figure>\n","protected":false},"excerpt":{"rendered":"<p>Hier finden Sie genauere Infos zur aktuellen Regelung der Vereinsarbeit gem\u00e4\u00df Satzung \u00a77, Absatz 4, wie sie in der Generalversammlung am 05.04.2025 [&hellip;]<\/p>\n","protected":false},"author":1,"featured_media":0,"parent":9,"menu_order":8,"comment_status":"closed","ping_status":"closed","template":"","meta":{"footnotes":""},"class_list":["post-7764","page","type-page","status-publish","hentry"],"_links":{"self":[{"href":"https:\/\/tsv-rehling.de\/wordpress\/wp-json\/wp\/v2\/pages\/7764","targetHints":{"allow":["GET"]}}],"collection":[{"href":"https:\/\/tsv-rehling.de\/wordpress\/wp-json\/wp\/v2\/pages"}],"about":[{"href":"https:\/\/tsv-rehling.de\/wordpress\/wp-json\/wp\/v2\/types\/page"}],"author":[{"embeddable":true,"href":"https:\/\/tsv-rehling.de\/wordpress\/wp-json\/wp\/v2\/users\/1"}],"replies":[{"embeddable":true,"href":"https:\/\/tsv-rehling.de\/wordpress\/wp-json\/wp\/v2\/comments?post=7764"}],"version-history":[{"count":13,"href":"https:\/\/tsv-rehling.de\/wordpress\/wp-json\/wp\/v2\/pages\/7764\/revisions"}],"predecessor-version":[{"id":8369,"href":"https:\/\/tsv-rehling.de\/wordpress\/wp-json\/wp\/v2\/pages\/7764\/revisions\/8369"}],"up":[{"embeddable":true,"href":"https:\/\/tsv-rehling.de\/wordpress\/wp-json\/wp\/v2\/pages\/9"}],"wp:attachment":[{"href":"https:\/\/tsv-rehling.de\/wordpress\/wp-json\/wp\/v2\/media?parent=7764"}],"curies":[{"name":"wp","href":"https:\/\/api.w.org\/{rel}","templated":true}]}}

<p>Hier finden Sie genauere Infos zur aktuellen Regelung der Vereinsarbeit gemäß <a href="https://tsv-rehling.de/wordpress/der-verein/satzung/">Satzung</a> §7, Absatz 4, wie sie in der Generalversammlung am 05.04.2025 beschlossen und bekannt gegeben wurde.</p>



<p>Des weiteren werden aktuelle anstehende Aufgaben bzw. Tätigkeiten in der u.g. <a href="#todoliste">ToDo-Liste</a> veröffentlich, die auch am Sportheim aushängt.</p>



<h3 class="wp-block-heading">Erklärungen</h3>



<figure data-wp-context="{&quot;imageId&quot;:&quot;69f71f9d118b0&quot;}" data-wp-interactive="core/image" class="wp-block-image aligncenter size-full is-resized wp-lightbox-container"><img loading="lazy" decoding="async" width="1280" height="720" data-wp-class--hide="state.isContentHidden" data-wp-class--show="state.isContentVisible" data-wp-init="callbacks.setButtonStyles" data-wp-on-async--click="actions.showLightbox" data-wp-on-async--load="callbacks.setButtonStyles" data-wp-on-async-window--resize="callbacks.setButtonStyles" src="https://tsv-rehling.de/wordpress/wp-content/uploads/2020/11/TSV_Rehling_Vereinsarbeitsstunden_01_20260201.jpg" alt="" class="wp-image-8367" style="width:629px;height:auto" srcset="https://tsv-rehling.de/wordpress/wp-content/uploads/2020/11/TSV_Rehling_Vereinsarbeitsstunden_01_20260201.jpg 1280w, https://tsv-rehling.de/wordpress/wp-content/uploads/2020/11/TSV_Rehling_Vereinsarbeitsstunden_01_20260201-300x169.jpg 300w, https://tsv-rehling.de/wordpress/wp-content/uploads/2020/11/TSV_Rehling_Vereinsarbeitsstunden_01_20260201-1024x576.jpg 1024w, https://tsv-rehling.de/wordpress/wp-content/uploads/2020/11/TSV_Rehling_Vereinsarbeitsstunden_01_20260201-768x432.jpg 768w, https://tsv-rehling.de/wordpress/wp-content/uploads/2020/11/TSV_Rehling_Vereinsarbeitsstunden_01_20260201-1000x563.jpg 1000w, https://tsv-rehling.de/wordpress/wp-content/uploads/2020/11/TSV_Rehling_Vereinsarbeitsstunden_01_20260201-230x129.jpg 230w, https://tsv-rehling.de/wordpress/wp-content/uploads/2020/11/TSV_Rehling_Vereinsarbeitsstunden_01_20260201-350x197.jpg 350w, https://tsv-rehling.de/wordpress/wp-content/uploads/2020/11/TSV_Rehling_Vereinsarbeitsstunden_01_20260201-480x270.jpg 480w" sizes="auto, (max-width: 1280px) 100vw, 1280px" /><button
			class="lightbox-trigger"
			type="button"
			aria-haspopup="dialog"
			aria-label="Vergrößern"
			data-wp-init="callbacks.initTriggerButton"
			data-wp-on-async--click="actions.showLightbox"
			data-wp-style--right="state.imageButtonRight"
			data-wp-style--top="state.imageButtonTop"
		>
			<svg xmlns="http://www.w3.org/2000/svg" width="12" height="12" fill="none" viewBox="0 0 12 12">
				<path fill="#fff" d="M2 0a2 2 0 0 0-2 2v2h1.5V2a.5.5 0 0 1 .5-.5h2V0H2Zm2 10.5H2a.5.5 0 0 1-.5-.5V8H0v2a2 2 0 0 0 2 2h2v-1.5ZM8 12v-1.5h2a.5.5 0 0 0 .5-.5V8H12v2a2 2 0 0 1-2 2H8Zm2-12a2 2 0 0 1 2 2v2h-1.5V2a.5.5 0 0 0-.5-.5H8V0h2Z" />
			</svg>
		</button></figure>



<figure data-wp-context="{&quot;imageId&quot;:&quot;69f71f9d1259d&quot;}" data-wp-interactive="core/image" class="wp-block-image aligncenter size-full is-resized wp-lightbox-container"><img loading="lazy" decoding="async" width="1280" height="720" data-wp-class--hide="state.isContentHidden" data-wp-class--show="state.isContentVisible" data-wp-init="callbacks.setButtonStyles" data-wp-on-async--click="actions.showLightbox" data-wp-on-async--load="callbacks.setButtonStyles" data-wp-on-async-window--resize="callbacks.setButtonStyles" src="https://tsv-rehling.de/wordpress/wp-content/uploads/2020/11/TSV_Rehling_Vereinsarbeitsstunden_02_20260201.jpg" alt="" class="wp-image-8368" style="width:624px;height:auto" srcset="https://tsv-rehling.de/wordpress/wp-content/uploads/2020/11/TSV_Rehling_Vereinsarbeitsstunden_02_20260201.jpg 1280w, https://tsv-rehling.de/wordpress/wp-content/uploads/2020/11/TSV_Rehling_Vereinsarbeitsstunden_02_20260201-300x169.jpg 300w, https://tsv-rehling.de/wordpress/wp-content/uploads/2020/11/TSV_Rehling_Vereinsarbeitsstunden_02_20260201-1024x576.jpg 1024w, https://tsv-rehling.de/wordpress/wp-content/uploads/2020/11/TSV_Rehling_Vereinsarbeitsstunden_02_20260201-768x432.jpg 768w, https://tsv-rehling.de/wordpress/wp-content/uploads/2020/11/TSV_Rehling_Vereinsarbeitsstunden_02_20260201-1000x563.jpg 1000w, https://tsv-rehling.de/wordpress/wp-content/uploads/2020/11/TSV_Rehling_Vereinsarbeitsstunden_02_20260201-230x129.jpg 230w, https://tsv-rehling.de/wordpress/wp-content/uploads/2020/11/TSV_Rehling_Vereinsarbeitsstunden_02_20260201-350x197.jpg 350w, https://tsv-rehling.de/wordpress/wp-content/uploads/2020/11/TSV_Rehling_Vereinsarbeitsstunden_02_20260201-480x270.jpg 480w" sizes="auto, (max-width: 1280px) 100vw, 1280px" /><button
			class="lightbox-trigger"
			type="button"
			aria-haspopup="dialog"
			aria-label="Vergrößern"
			data-wp-init="callbacks.initTriggerButton"
			data-wp-on-async--click="actions.showLightbox"
			data-wp-style--right="state.imageButtonRight"
			data-wp-style--top="state.imageButtonTop"
		>
			<svg xmlns="http://www.w3.org/2000/svg" width="12" height="12" fill="none" viewBox="0 0 12 12">
				<path fill="#fff" d="M2 0a2 2 0 0 0-2 2v2h1.5V2a.5.5 0 0 1 .5-.5h2V0H2Zm2 10.5H2a.5.5 0 0 1-.5-.5V8H0v2a2 2 0 0 0 2 2h2v-1.5ZM8 12v-1.5h2a.5.5 0 0 0 .5-.5V8H12v2a2 2 0 0 1-2 2H8Zm2-12a2 2 0 0 1 2 2v2h-1.5V2a.5.5 0 0 0-.5-.5H8V0h2Z" />
			</svg>
		</button></figure>



<div style="height:50px" aria-hidden="true" class="wp-block-spacer"></div>



<h3 class="wp-block-heading" id="todoliste">ToDo &#8211; Liste</h3>



<p>(Stand: 17.09.2025)</p>



<p class="has-text-align-center">Es gibt immer was zu tun! &#8211; Sprecht am besten unsere Platzwarte Benni Bachmeir (01516 2385259) und Moritz Mayer (01511 0934245 &#8211; WhatsApp!) an.</p>



<figure class="wp-block-table alignwide is-style-stripes has-small-font-size"><table><thead><tr><th class="has-text-align-center" data-align="center">Aufgabe/Tätigkeit</th><th class="has-text-align-center" data-align="center">Beschreibung</th><th class="has-text-align-center" data-align="center">Dauer<br>(geschätzt)</th><th class="has-text-align-center" data-align="center">Bedarf Helfer<br>(geschätzt)</th><th class="has-text-align-center" data-align="center">Ansprechpartner/<br>&#8220;Capo&#8221;</th></tr></thead><tbody><tr><td class="has-text-align-center" data-align="center">Türen schleifen</td><td class="has-text-align-center" data-align="center">Die Kabinentüren (noch 5 Türen) müssen abgeschliffen werden, damit sie neu gestrichen werden können<br>-&gt; Schleifmaterial vorhanden</td><td class="has-text-align-center" data-align="center">1 h (je Tür)</td><td class="has-text-align-center" data-align="center">1 (je Tür)</td><td class="has-text-align-center" data-align="center">Sebastian Seiler<br>015140757454</td></tr><tr><td class="has-text-align-center" data-align="center">Türen streichen</td><td class="has-text-align-center" data-align="center">Die Kabinentüren (noch 5 Türen) müssen gestrichen werden.<br>-&gt; Lackier-/Malermaterial vorhanden</td><td class="has-text-align-center" data-align="center">1 h (je Tür)</td><td class="has-text-align-center" data-align="center">1 (je Tür)</td><td class="has-text-align-center" data-align="center">Sebastian Seiler<br>015140757454</td></tr><tr><td class="has-text-align-center" data-align="center">Fahrradstellplatz säubern</td><td class="has-text-align-center" data-align="center">Die Fläche des Fahrradstellplatz neben der Garage muss gesäubert werden (Unkraut entfernen, Büsche ausschneiden, &#8230;)</td><td class="has-text-align-center" data-align="center">1 h</td><td class="has-text-align-center" data-align="center">1</td><td class="has-text-align-center" data-align="center">Moritz Meyer / Benni Bachmeir<br>01511 0934245 / 01516 2385259</td></tr><tr><td class="has-text-align-center" data-align="center">Unkraut jäten</td><td class="has-text-align-center" data-align="center">Das Unkraut schießt und spriest an allen Ecken &#8230;</td><td class="has-text-align-center" data-align="center">&gt;1 h</td><td class="has-text-align-center" data-align="center">&gt;1</td><td class="has-text-align-center" data-align="center">Moritz Meyer / Benni Bachmeir<br>01511 0934245 / 01516 2385259</td></tr><tr><td class="has-text-align-center" data-align="center">Mäharbeiten</td><td class="has-text-align-center" data-align="center">Rund ums Sportgelände müssen ständig manuell Ränder usw. gemäht werden.</td><td class="has-text-align-center" data-align="center">&gt; 1 h</td><td class="has-text-align-center" data-align="center">&gt;1</td><td class="has-text-align-center" data-align="center">Moritz Meyer / Benni Bachmeir<br>01511 0934245 / 01516 2385259</td></tr><tr><td class="has-text-align-center" data-align="center">Geländer am Hauptplatz streichen</td><td class="has-text-align-center" data-align="center">Das Geländer am Hauptplatz müsste abgeschliffen und gesrtichen werden.</td><td class="has-text-align-center" data-align="center">&gt; 5 h</td><td class="has-text-align-center" data-align="center">&gt; 5</td><td class="has-text-align-center" data-align="center">Tom Moser<br>0162 / 4189676</td></tr></tbody></table></figure>

<p>Hier finden Sie genauere Infos zur aktuellen Regelung der Vereinsarbeit gemäß Satzung §7, Absatz 4, wie sie in der Generalversammlung am 05.04.2025 [&hellip;]</p>
