{"id":530,"date":"2020-03-27T18:09:20","date_gmt":"2020-03-27T17:09:20","guid":{"rendered":"http:\/\/tsv-rehling.de\/wordpress\/der-verein\/sponsore-partner\/"},"modified":"2021-05-12T19:39:17","modified_gmt":"2021-05-12T17:39:17","slug":"sponsoren","status":"publish","type":"page","link":"https:\/\/tsv-rehling.de\/wordpress\/der-verein\/sponsoren\/","title":{"rendered":"Sponsoren"},"content":{"rendered":"\n<h3 class=\"wp-block-heading\">Sponsoren und Partner<\/h3>\n\n\n\n<h4 class=\"has-text-align-center wp-block-heading\">Vielen Dank unseren Sponsoren und Partnern!<\/h4>\n\n\n\n<div class=\"wp-block-cover has-background-dim\" style=\"background-color:#e6e6e6;min-height:160px;aspect-ratio:unset;\"><div class=\"wp-block-cover__inner-container is-layout-flow wp-block-cover-is-layout-flow\">\t\t<style>\n\t\t\t#wpls-logo-showcase-slider-1 .wpls-fix-box,\n\t\t\t#wpls-logo-showcase-slider-1 .wpls-fix-box img.wp-post-image{max-height:250px; }\n\t\t<\/style>\n\t\t<div class=\"wpls-wrap wpls-logo-showcase-slider-wrp wpls-logo-clearfix wpls-design-1 \" data-conf=\"{&quot;slides_column&quot;:4,&quot;slides_scroll&quot;:1,&quot;dots&quot;:&quot;true&quot;,&quot;arrows&quot;:&quot;true&quot;,&quot;autoplay&quot;:&quot;true&quot;,&quot;autoplay_interval&quot;:3000,&quot;loop&quot;:&quot;true&quot;,&quot;rtl&quot;:&quot;false&quot;,&quot;speed&quot;:800,&quot;center_mode&quot;:&quot;false&quot;,&quot;lazyload&quot;:&quot;&quot;}\">\n\t\t\t<div class=\"wpls-logo-showcase logo_showcase wpls-logo-slider  sliderimage_hide_border \" id=\"wpls-logo-showcase-slider-1\" >\n\t\t\t\t<div class=\"wpls-logo-cnt\">\n\t<div class=\"wpls-fix-box\">\n\t\t\t\t<img decoding=\"async\" class=\"wp-post-image\"  src=\"https:\/\/tsv-rehling.de\/wordpress\/wp-content\/uploads\/2020\/11\/TSV_Rehling_Homepage_Banner_ERTL_20240921.jpg\" alt=\"\" \/>\n\t\t\t<\/div>\n\t<\/div><div class=\"wpls-logo-cnt\">\n\t<div class=\"wpls-fix-box\">\n\t\t\t\t<img decoding=\"async\" class=\"wp-post-image\"  src=\"https:\/\/tsv-rehling.de\/wordpress\/wp-content\/uploads\/2020\/11\/Rewe_Gallauch-1.png\" alt=\"\" \/>\n\t\t\t<\/div>\n\t<\/div><div class=\"wpls-logo-cnt\">\n\t<div class=\"wpls-fix-box\">\n\t\t\t\t<img decoding=\"async\" class=\"wp-post-image\"  src=\"https:\/\/tsv-rehling.de\/wordpress\/wp-content\/uploads\/2020\/03\/dtd-tagline-scaled.jpg\" alt=\"\" \/>\n\t\t\t<\/div>\n\t<\/div><div class=\"wpls-logo-cnt\">\n\t<div class=\"wpls-fix-box\">\n\t\t\t\t<a href=\"https:\/\/www.celofixings.de\/\" target=\"_blank\">\n\t\t\t<img decoding=\"async\" class=\"wp-post-image\"  src=\"https:\/\/tsv-rehling.de\/wordpress\/wp-content\/uploads\/2021\/05\/210506_mh_Sponsoring_TSV-Rehling_GIF.gif\" alt=\"\" \/>\n\t\t<\/a>\n\t\t\t<\/div>\n\t<\/div><div class=\"wpls-logo-cnt\">\n\t<div class=\"wpls-fix-box\">\n\t\t\t\t<img decoding=\"async\" class=\"wp-post-image\"  src=\"https:\/\/tsv-rehling.de\/wordpress\/wp-content\/uploads\/2020\/08\/Lechtalstuben_\u00dcberschrift_inkl_TSV-Logo_sseiler_20200815.png\" alt=\"\" \/>\n\t\t\t<\/div>\n\t<\/div><div class=\"wpls-logo-cnt\">\n\t<div class=\"wpls-fix-box\">\n\t\t\t\t<img decoding=\"async\" class=\"wp-post-image\"  src=\"https:\/\/tsv-rehling.de\/wordpress\/wp-content\/uploads\/2020\/04\/Sponsor_Platzhalter_01.jpg\" alt=\"\" \/>\n\t\t\t<\/div>\n\t<\/div><div class=\"wpls-logo-cnt\">\n\t<div class=\"wpls-fix-box\">\n\t\t\t\t<img decoding=\"async\" class=\"wp-post-image\"  src=\"https:\/\/tsv-rehling.de\/wordpress\/wp-content\/uploads\/2020\/07\/Premium_Baugesch\u00e4ft_Sturm.jpg\" alt=\"\" \/>\n\t\t\t<\/div>\n\t<\/div><div class=\"wpls-logo-cnt\">\n\t<div class=\"wpls-fix-box\">\n\t\t\t\t<img decoding=\"async\" class=\"wp-post-image\"  src=\"https:\/\/tsv-rehling.de\/wordpress\/wp-content\/uploads\/2020\/07\/Premium_Kletterwald_Scherneck.png\" alt=\"\" \/>\n\t\t\t<\/div>\n\t<\/div><div class=\"wpls-logo-cnt\">\n\t<div class=\"wpls-fix-box\">\n\t\t\t\t<img decoding=\"async\" class=\"wp-post-image\"  src=\"https:\/\/tsv-rehling.de\/wordpress\/wp-content\/uploads\/2020\/07\/Premium_Raiffeisenbank_Rehling_EG.jpg\" alt=\"\" \/>\n\t\t\t<\/div>\n\t<\/div><div class=\"wpls-logo-cnt\">\n\t<div class=\"wpls-fix-box\">\n\t\t\t\t<img decoding=\"async\" class=\"wp-post-image\"  src=\"https:\/\/tsv-rehling.de\/wordpress\/wp-content\/uploads\/2020\/07\/Premium_Sch\u00e4ffer_Haustechnik.jpg\" alt=\"\" \/>\n\t\t\t<\/div>\n\t<\/div><div class=\"wpls-logo-cnt\">\n\t<div class=\"wpls-fix-box\">\n\t\t\t\t<img decoding=\"async\" class=\"wp-post-image\"  src=\"https:\/\/tsv-rehling.de\/wordpress\/wp-content\/uploads\/2020\/07\/Premium_Bachmeir_02.jpg\" alt=\"\" \/>\n\t\t\t<\/div>\n\t<\/div>\t\t\t<\/div>\n\t\t<\/div>\n\n\t\t\n\n\n\n<p><\/p>\n<\/div><\/div>\n\n\n\n<div style=\"height:20px\" aria-hidden=\"true\" class=\"wp-block-spacer\"><\/div>\n\n\n\n<div class=\"wp-block-cover has-background-dim\" style=\"background-color:#e6e6e6\"><div class=\"wp-block-cover__inner-container is-layout-flow wp-block-cover-is-layout-flow\">\n<div class=\"wp-block-columns are-vertically-aligned-center is-layout-flex wp-container-core-columns-is-layout-28f84493 wp-block-columns-is-layout-flex\">\n<div class=\"wp-block-column is-vertically-aligned-center is-layout-flow wp-block-column-is-layout-flow\">\n<div class=\"wp-block-image\"><figure class=\"aligncenter size-large\"><img loading=\"lazy\" decoding=\"async\" width=\"452\" height=\"258\" src=\"https:\/\/tsv-rehling.de\/wordpress\/wp-content\/uploads\/2020\/04\/Sponsor_Platzhalter_01.jpg\" alt=\"\" class=\"wp-image-961\" srcset=\"https:\/\/tsv-rehling.de\/wordpress\/wp-content\/uploads\/2020\/04\/Sponsor_Platzhalter_01.jpg 452w, https:\/\/tsv-rehling.de\/wordpress\/wp-content\/uploads\/2020\/04\/Sponsor_Platzhalter_01-300x171.jpg 300w, https:\/\/tsv-rehling.de\/wordpress\/wp-content\/uploads\/2020\/04\/Sponsor_Platzhalter_01-230x131.jpg 230w, https:\/\/tsv-rehling.de\/wordpress\/wp-content\/uploads\/2020\/04\/Sponsor_Platzhalter_01-350x200.jpg 350w\" sizes=\"auto, (max-width: 452px) 100vw, 452px\" \/><\/figure><\/div>\n<\/div>\n\n\n\n<div class=\"wp-block-column is-vertically-aligned-center is-layout-flow wp-block-column-is-layout-flow\">\n<div class=\"wp-block-image\"><figure class=\"aligncenter size-large\"><img loading=\"lazy\" decoding=\"async\" width=\"452\" height=\"258\" src=\"https:\/\/tsv-rehling.de\/wordpress\/wp-content\/uploads\/2020\/04\/Sponsor_Platzhalter_02.jpg\" alt=\"\" class=\"wp-image-960\" srcset=\"https:\/\/tsv-rehling.de\/wordpress\/wp-content\/uploads\/2020\/04\/Sponsor_Platzhalter_02.jpg 452w, https:\/\/tsv-rehling.de\/wordpress\/wp-content\/uploads\/2020\/04\/Sponsor_Platzhalter_02-300x171.jpg 300w, https:\/\/tsv-rehling.de\/wordpress\/wp-content\/uploads\/2020\/04\/Sponsor_Platzhalter_02-230x131.jpg 230w, https:\/\/tsv-rehling.de\/wordpress\/wp-content\/uploads\/2020\/04\/Sponsor_Platzhalter_02-350x200.jpg 350w\" sizes=\"auto, (max-width: 452px) 100vw, 452px\" \/><\/figure><\/div>\n<\/div>\n\n\n\n<div class=\"wp-block-column is-vertically-aligned-center is-layout-flow wp-block-column-is-layout-flow\">\n<div class=\"wp-block-image\"><figure class=\"aligncenter size-large\"><img loading=\"lazy\" decoding=\"async\" width=\"452\" height=\"258\" src=\"https:\/\/tsv-rehling.de\/wordpress\/wp-content\/uploads\/2020\/04\/Sponsor_Platzhalter_03.jpg\" alt=\"\" class=\"wp-image-959\" srcset=\"https:\/\/tsv-rehling.de\/wordpress\/wp-content\/uploads\/2020\/04\/Sponsor_Platzhalter_03.jpg 452w, https:\/\/tsv-rehling.de\/wordpress\/wp-content\/uploads\/2020\/04\/Sponsor_Platzhalter_03-300x171.jpg 300w, https:\/\/tsv-rehling.de\/wordpress\/wp-content\/uploads\/2020\/04\/Sponsor_Platzhalter_03-230x131.jpg 230w, https:\/\/tsv-rehling.de\/wordpress\/wp-content\/uploads\/2020\/04\/Sponsor_Platzhalter_03-350x200.jpg 350w\" sizes=\"auto, (max-width: 452px) 100vw, 452px\" \/><\/figure><\/div>\n<\/div>\n<\/div>\n\n\n\n<div class=\"wp-block-columns are-vertically-aligned-center is-layout-flex wp-container-core-columns-is-layout-28f84493 wp-block-columns-is-layout-flex\">\n<div class=\"wp-block-column is-vertically-aligned-center is-layout-flow wp-block-column-is-layout-flow\">\n<div class=\"wp-block-image\"><figure class=\"aligncenter size-large\"><img loading=\"lazy\" decoding=\"async\" width=\"452\" height=\"258\" src=\"https:\/\/tsv-rehling.de\/wordpress\/wp-content\/uploads\/2020\/04\/Sponsor_Platzhalter_03.jpg\" alt=\"\" class=\"wp-image-959\" srcset=\"https:\/\/tsv-rehling.de\/wordpress\/wp-content\/uploads\/2020\/04\/Sponsor_Platzhalter_03.jpg 452w, https:\/\/tsv-rehling.de\/wordpress\/wp-content\/uploads\/2020\/04\/Sponsor_Platzhalter_03-300x171.jpg 300w, https:\/\/tsv-rehling.de\/wordpress\/wp-content\/uploads\/2020\/04\/Sponsor_Platzhalter_03-230x131.jpg 230w, https:\/\/tsv-rehling.de\/wordpress\/wp-content\/uploads\/2020\/04\/Sponsor_Platzhalter_03-350x200.jpg 350w\" sizes=\"auto, (max-width: 452px) 100vw, 452px\" \/><\/figure><\/div>\n<\/div>\n\n\n\n<div class=\"wp-block-column is-vertically-aligned-center is-layout-flow wp-block-column-is-layout-flow\">\n<div class=\"wp-block-image\"><figure class=\"aligncenter size-large\"><img loading=\"lazy\" decoding=\"async\" width=\"452\" height=\"258\" src=\"https:\/\/tsv-rehling.de\/wordpress\/wp-content\/uploads\/2020\/04\/Sponsor_Platzhalter_02.jpg\" alt=\"\" class=\"wp-image-960\" srcset=\"https:\/\/tsv-rehling.de\/wordpress\/wp-content\/uploads\/2020\/04\/Sponsor_Platzhalter_02.jpg 452w, https:\/\/tsv-rehling.de\/wordpress\/wp-content\/uploads\/2020\/04\/Sponsor_Platzhalter_02-300x171.jpg 300w, https:\/\/tsv-rehling.de\/wordpress\/wp-content\/uploads\/2020\/04\/Sponsor_Platzhalter_02-230x131.jpg 230w, https:\/\/tsv-rehling.de\/wordpress\/wp-content\/uploads\/2020\/04\/Sponsor_Platzhalter_02-350x200.jpg 350w\" sizes=\"auto, (max-width: 452px) 100vw, 452px\" \/><\/figure><\/div>\n<\/div>\n\n\n\n<div class=\"wp-block-column is-vertically-aligned-center is-layout-flow wp-block-column-is-layout-flow\">\n<figure class=\"wp-block-image size-large\"><img loading=\"lazy\" decoding=\"async\" width=\"452\" height=\"258\" src=\"https:\/\/tsv-rehling.de\/wordpress\/wp-content\/uploads\/2020\/04\/Sponsor_Platzhalter_01.jpg\" alt=\"\" class=\"wp-image-961\" srcset=\"https:\/\/tsv-rehling.de\/wordpress\/wp-content\/uploads\/2020\/04\/Sponsor_Platzhalter_01.jpg 452w, https:\/\/tsv-rehling.de\/wordpress\/wp-content\/uploads\/2020\/04\/Sponsor_Platzhalter_01-300x171.jpg 300w, https:\/\/tsv-rehling.de\/wordpress\/wp-content\/uploads\/2020\/04\/Sponsor_Platzhalter_01-230x131.jpg 230w, https:\/\/tsv-rehling.de\/wordpress\/wp-content\/uploads\/2020\/04\/Sponsor_Platzhalter_01-350x200.jpg 350w\" sizes=\"auto, (max-width: 452px) 100vw, 452px\" \/><\/figure>\n<\/div>\n<\/div>\n<\/div><\/div>\n\n\n\n<hr class=\"wp-block-separator\"\/>\n\n\n\n<h4 class=\"has-text-align-center wp-block-heading\"> K\u00f6nnen auch Sie sich vorstellen, den TSV Rehling als Sponsor zu unterst\u00fctzen? <\/h4>\n\n\n\n<p>Wo k\u00f6nnte Ihre Werbung stehen?<\/p>\n\n\n\n<ul class=\"wp-block-list\"><li>Namensrechte des Stadions<\/li><li>Werbung auf der Homepage<\/li><li>Werbung in der Stadionzeitung<\/li><li>Bandenwerbung<\/li><li>Spielank\u00fcndigungsplakate<\/li><li>Trikot Werbung<\/li><li>Info-Flyer<\/li><\/ul>\n\n\n\n<p>Z\u00f6gern Sie nicht und kontaktieren Sie uns gerne f\u00fcr n\u00e4here Informationen.<\/p>\n\n\n\n<div class=\"wp-block-button aligncenter is-style-fill\"><a class=\"wp-block-button__link has-vivid-cyan-blue-background-color has-background\" href=\"https:\/\/tsv-rehling.de\/wordpress\/kontakt-anfahrt\/\" style=\"border-radius:10px\">Kontaktformular<\/a><\/div>\n\n\n\n<div style=\"height:20px\" aria-hidden=\"true\" class=\"wp-block-spacer\"><\/div>\n\n\n\n<p>Wir bitten unsere Mitglieder, unsere Sponsoren beim n\u00e4chsten Einkauf zu ber\u00fccksichtigen \u2013 vielen Dank! <\/p>\n","protected":false},"excerpt":{"rendered":"<p>Sponsoren und Partner Vielen Dank unseren Sponsoren und Partnern! K\u00f6nnen auch Sie sich vorstellen, den TSV Rehling als Sponsor zu unterst\u00fctzen? Wo [&hellip;]<\/p>\n","protected":false},"author":1,"featured_media":0,"parent":9,"menu_order":17,"comment_status":"closed","ping_status":"closed","template":"","meta":{"footnotes":""},"class_list":["post-530","page","type-page","status-publish","hentry"],"_links":{"self":[{"href":"https:\/\/tsv-rehling.de\/wordpress\/wp-json\/wp\/v2\/pages\/530","targetHints":{"allow":["GET"]}}],"collection":[{"href":"https:\/\/tsv-rehling.de\/wordpress\/wp-json\/wp\/v2\/pages"}],"about":[{"href":"https:\/\/tsv-rehling.de\/wordpress\/wp-json\/wp\/v2\/types\/page"}],"author":[{"embeddable":true,"href":"https:\/\/tsv-rehling.de\/wordpress\/wp-json\/wp\/v2\/users\/1"}],"replies":[{"embeddable":true,"href":"https:\/\/tsv-rehling.de\/wordpress\/wp-json\/wp\/v2\/comments?post=530"}],"version-history":[{"count":24,"href":"https:\/\/tsv-rehling.de\/wordpress\/wp-json\/wp\/v2\/pages\/530\/revisions"}],"predecessor-version":[{"id":3023,"href":"https:\/\/tsv-rehling.de\/wordpress\/wp-json\/wp\/v2\/pages\/530\/revisions\/3023"}],"up":[{"embeddable":true,"href":"https:\/\/tsv-rehling.de\/wordpress\/wp-json\/wp\/v2\/pages\/9"}],"wp:attachment":[{"href":"https:\/\/tsv-rehling.de\/wordpress\/wp-json\/wp\/v2\/media?parent=530"}],"curies":[{"name":"wp","href":"https:\/\/api.w.org\/{rel}","templated":true}]}}